{"id":23189,"date":"2021-09-17T14:11:12","date_gmt":"2021-09-17T14:11:12","guid":{"rendered":"https:\/\/riff.is\/?post_type=tribe_events&#038;p=23189"},"modified":"2021-09-25T11:33:43","modified_gmt":"2021-09-25T11:33:43","slug":"debbie-harry-blondie-vivir-en-la-habana","status":"publish","type":"tribe_events","link":"https:\/\/riff.is\/pl\/event\/debbie-harry-blondie-vivir-en-la-habana\/","title":{"rendered":"W ROZMOWIE Z DEBBIE HARRY \/ W ROZMOWIE Z DEBBIE HARRY"},"content":{"rendered":"<p>Debbie Harry ver\u00f0ur vi\u00f0st\u00f6dd frums\u00fdningu \u00e1 stuttt\u00f3nleikamyndinni\u00a0<b data-stringify-type=\"bold\">Blondie: <\/b><b data-stringify-type=\"bold\">A\u00f0 lifa \u00ed Havana\u00a0<\/b>semfjallar um lang\u00fer\u00e1\u00f0a t\u00f3nleikafer\u00f0 hlj\u00f3msveitarinnar til K\u00fabu. \u00cd kj\u00f6lfari\u00f0 mun h\u00fan eiga samtal vi\u00f0 Andreu J\u00f3nsd\u00f3ttur, Berg Ebba Benediktsson og \u00e1horfendur \u00ed sal. Einstakur vi\u00f0bur\u00f0ur \u00e1 RIFF. A\u00f0eins \u00feetta eina sinn.<\/p>\n<p><b data-stringify-type=\"bold\">\/\/<br \/>\n<\/b><\/p>\n<p><b data-stringify-type=\"bold\">Blondie: Vivir En La Habana<\/b> is a film that follows the band on their first tour to Cuba which had been a lifelong dream for the band. Debbie Harry will be present at the screening and have a conversation with Andrea J\u00f3nsd\u00f3ttir, Bergur Ebbi Benediktsson, and the audience afterward. The director of the film Rob Roth will also be present.<\/p>","protected":false},"excerpt":{"rendered":"<p>Debbie Harry ver\u00f0ur vi\u00f0st\u00f6dd frums\u00fdningu \u00e1 stuttt\u00f3nleikamyndinni\u00a0Blondie: A\u00f0 lifa \u00ed Havana\u00a0semfjallar um lang\u00fer\u00e1\u00f0a t\u00f3nleikafer\u00f0 hlj\u00f3msveitarinnar til K\u00fabu. \u00cd kj\u00f6lfari\u00f0 mun h\u00fan eiga samtal vi\u00f0 Andreu J\u00f3nsd\u00f3ttur, Berg Ebba Benediktsson og [&hellip;]<\/p>\n","protected":false},"author":893,"featured_media":23221,"template":"","meta":{"_monsterinsights_skip_tracking":false,"_monsterinsights_sitenote_active":false,"_monsterinsights_sitenote_note":"","_monsterinsights_sitenote_category":0,"_price":"","_stock":"","_tribe_ticket_header":"","_tribe_default_ticket_provider":"Tribe__Tickets_Plus__Commerce__WooCommerce__Main","_tribe_ticket_capacity":"","_ticket_start_date":"","_ticket_end_date":"","_tribe_ticket_show_description":"","_tribe_ticket_show_not_going":false,"_tribe_ticket_use_global_stock":"","_tribe_ticket_global_stock_level":"","_global_stock_mode":"","_global_stock_cap":"","_tribe_rsvp_for_event":"","_tribe_ticket_going_count":"","_tribe_ticket_not_going_count":"","_tribe_tickets_list":"[]","_tribe_ticket_has_attendee_info_fields":false,"_tribe_events_status":"","_tribe_events_status_reason":"","footnotes":"","_tec_slr_enabled":"","_tec_slr_layout":""},"tags":[],"tribe_events_cat":[608],"class_list":["post-23189","tribe_events","type-tribe_events","status-publish","has-post-thumbnail","hentry","tribe_events_cat-special-events","cat_special-events"],"ticketed":false,"_links":{"self":[{"href":"https:\/\/riff.is\/pl\/wp-json\/wp\/v2\/tribe_events\/23189","targetHints":{"allow":["GET"]}}],"collection":[{"href":"https:\/\/riff.is\/pl\/wp-json\/wp\/v2\/tribe_events"}],"about":[{"href":"https:\/\/riff.is\/pl\/wp-json\/wp\/v2\/types\/tribe_events"}],"author":[{"embeddable":true,"href":"https:\/\/riff.is\/pl\/wp-json\/wp\/v2\/users\/893"}],"version-history":[{"count":5,"href":"https:\/\/riff.is\/pl\/wp-json\/wp\/v2\/tribe_events\/23189\/revisions"}],"predecessor-version":[{"id":26257,"href":"https:\/\/riff.is\/pl\/wp-json\/wp\/v2\/tribe_events\/23189\/revisions\/26257"}],"wp:featuredmedia":[{"embeddable":true,"href":"https:\/\/riff.is\/pl\/wp-json\/wp\/v2\/media\/23221"}],"wp:attachment":[{"href":"https:\/\/riff.is\/pl\/wp-json\/wp\/v2\/media?parent=23189"}],"wp:term":[{"taxonomy":"post_tag","embeddable":true,"href":"https:\/\/riff.is\/pl\/wp-json\/wp\/v2\/tags?post=23189"},{"taxonomy":"tribe_events_cat","embeddable":true,"href":"https:\/\/riff.is\/pl\/wp-json\/wp\/v2\/tribe_events_cat?post=23189"}],"curies":[{"name":"wp","href":"https:\/\/api.w.org\/{rel}","templated":true}]}}

<p>Debbie Harry verður viðstödd frumsýningu á stutttónleikamyndinni <b data-stringify-type="bold">Blondie: </b><b data-stringify-type="bold">Að lifa í Havana </b>semfjallar um langþráða tónleikaferð hljómsveitarinnar til Kúbu. Í kjölfarið mun hún eiga samtal við Andreu Jónsdóttur, Berg Ebba Benediktsson og áhorfendur í sal. Einstakur viðburður á RIFF. Aðeins þetta eina sinn.</p>
<p><b data-stringify-type="bold">//<br />
</b></p>
<p><b data-stringify-type="bold">Blondie: Vivir En La Habana</b> is a film that follows the band on their first tour to Cuba which had been a lifelong dream for the band. Debbie Harry will be present at the screening and have a conversation with Andrea Jónsdóttir, Bergur Ebbi Benediktsson, and the audience afterward. The director of the film Rob Roth will also be present.</p>

<p>Debbie Harry verður viðstödd frumsýningu á stutttónleikamyndinni Blondie: Að lifa í Havana semfjallar um langþráða tónleikaferð hljómsveitarinnar til Kúbu. Í kjölfarið mun hún eiga samtal við Andreu Jónsdóttur, Berg Ebba Benediktsson og [&hellip;]</p>
